{"id":212,"date":"2023-10-05T08:01:20","date_gmt":"2023-10-05T11:01:20","guid":{"rendered":"https:\/\/delocal.com.ar\/?page_id=212"},"modified":"2023-11-02T07:37:32","modified_gmt":"2023-11-02T10:37:32","slug":"video","status":"publish","type":"page","link":"https:\/\/delocal.com.ar\/?page_id=212","title":{"rendered":"Video"},"content":{"rendered":"\n<p>\u00bfY si la historia de Puan la contamos a trav\u00e9s de im\u00e1genes? En este espacio la propuesta es mirar la historia<\/p>\n\n\n\n<figure class=\"wp-block-embed is-type-video is-provider-youtube wp-block-embed-youtube wp-embed-aspect-16-9 wp-has-aspect-ratio\"><div class=\"wp-block-embed__wrapper\">\n<iframe loading=\"lazy\" title=\"Este pueblo deber\u00eda ser un BOOM tur\u00edstico | Pu\u00e1n, provincia de Buenos Aires\" width=\"750\" height=\"422\" src=\"https:\/\/www.youtube.com\/embed\/iLC8_v26Tsk?feature=oembed\" frameborder=\"0\" allow=\"accelerometer; autoplay; clipboard-write; encrypted-media; gyroscope; picture-in-picture; web-share\" allowfullscreen><\/iframe>\n<\/div><figcaption class=\"wp-element-caption\">Puan<\/figcaption><\/figure>\n\n\n\n<figure class=\"wp-block-embed is-type-video is-provider-youtube wp-block-embed-youtube wp-embed-aspect-16-9 wp-has-aspect-ratio\"><div class=\"wp-block-embed__wrapper\">\n<iframe loading=\"lazy\" title=\"\ud83e\udd14 Lo encontramos cuando nos \u00edbamos y nos quedamos \ud83e\udd2f [Pu\u00e1n] Ep. 39\" width=\"750\" height=\"422\" src=\"https:\/\/www.youtube.com\/embed\/eJ3uPpjRWd8?feature=oembed\" frameborder=\"0\" allow=\"accelerometer; autoplay; clipboard-write; encrypted-media; gyroscope; picture-in-picture; web-share\" allowfullscreen><\/iframe>\n<\/div><figcaption class=\"wp-element-caption\">Puan<\/figcaption><\/figure>\n\n\n\n<p><\/p>\n\n\n\n<p><\/p>\n","protected":false},"excerpt":{"rendered":"<p>\u00bfY si la historia de Puan la contamos a trav\u00e9s de im\u00e1genes? En este espacio la propuesta es mirar la historia<\/p>\n","protected":false},"author":1,"featured_media":0,"parent":0,"menu_order":0,"comment_status":"closed","ping_status":"closed","template":"","meta":{"om_disable_all_campaigns":false,"_monsterinsights_skip_tracking":false,"_monsterinsights_sitenote_active":false,"_monsterinsights_sitenote_note":"","_monsterinsights_sitenote_category":0,"footnotes":""},"class_list":["post-212","page","type-page","status-publish","hentry"],"aioseo_notices":[],"_links":{"self":[{"href":"https:\/\/delocal.com.ar\/index.php?rest_route=\/wp\/v2\/pages\/212","targetHints":{"allow":["GET"]}}],"collection":[{"href":"https:\/\/delocal.com.ar\/index.php?rest_route=\/wp\/v2\/pages"}],"about":[{"href":"https:\/\/delocal.com.ar\/index.php?rest_route=\/wp\/v2\/types\/page"}],"author":[{"embeddable":true,"href":"https:\/\/delocal.com.ar\/index.php?rest_route=\/wp\/v2\/users\/1"}],"replies":[{"embeddable":true,"href":"https:\/\/delocal.com.ar\/index.php?rest_route=%2Fwp%2Fv2%2Fcomments&post=212"}],"version-history":[{"count":18,"href":"https:\/\/delocal.com.ar\/index.php?rest_route=\/wp\/v2\/pages\/212\/revisions"}],"predecessor-version":[{"id":443,"href":"https:\/\/delocal.com.ar\/index.php?rest_route=\/wp\/v2\/pages\/212\/revisions\/443"}],"wp:attachment":[{"href":"https:\/\/delocal.com.ar\/index.php?rest_route=%2Fwp%2Fv2%2Fmedia&parent=212"}],"curies":[{"name":"wp","href":"https:\/\/api.w.org\/{rel}","templated":true}]}}