{"id":210,"date":"2023-10-05T07:54:58","date_gmt":"2023-10-05T10:54:58","guid":{"rendered":"https:\/\/delocal.com.ar\/?page_id=210"},"modified":"2023-11-09T08:01:20","modified_gmt":"2023-11-09T11:01:20","slug":"podcast","status":"publish","type":"page","link":"https:\/\/delocal.com.ar\/?page_id=210","title":{"rendered":"Podcast"},"content":{"rendered":"\n<p>\u00bfY si a la historia de Puan la contamos a trav\u00e9s de audios, en cap\u00edtulos? En este espacio la propuesta es escuchar la historia a trav\u00e9s de voces y sonidos.<\/p>\n\n\n\n\n\n<p><\/p>\n","protected":false},"excerpt":{"rendered":"<p>\u00bfY si a la historia de Puan la contamos a trav\u00e9s de audios, en cap\u00edtulos? En este espacio la propuesta es escuchar la historia a trav\u00e9s de voces y sonidos.<\/p>\n","protected":false},"author":1,"featured_media":0,"parent":0,"menu_order":0,"comment_status":"closed","ping_status":"closed","template":"","meta":{"om_disable_all_campaigns":false,"_monsterinsights_skip_tracking":false,"_monsterinsights_sitenote_active":false,"_monsterinsights_sitenote_note":"","_monsterinsights_sitenote_category":0,"footnotes":""},"class_list":["post-210","page","type-page","status-publish","hentry"],"aioseo_notices":[],"_links":{"self":[{"href":"https:\/\/delocal.com.ar\/index.php?rest_route=\/wp\/v2\/pages\/210","targetHints":{"allow":["GET"]}}],"collection":[{"href":"https:\/\/delocal.com.ar\/index.php?rest_route=\/wp\/v2\/pages"}],"about":[{"href":"https:\/\/delocal.com.ar\/index.php?rest_route=\/wp\/v2\/types\/page"}],"author":[{"embeddable":true,"href":"https:\/\/delocal.com.ar\/index.php?rest_route=\/wp\/v2\/users\/1"}],"replies":[{"embeddable":true,"href":"https:\/\/delocal.com.ar\/index.php?rest_route=%2Fwp%2Fv2%2Fcomments&post=210"}],"version-history":[{"count":10,"href":"https:\/\/delocal.com.ar\/index.php?rest_route=\/wp\/v2\/pages\/210\/revisions"}],"predecessor-version":[{"id":484,"href":"https:\/\/delocal.com.ar\/index.php?rest_route=\/wp\/v2\/pages\/210\/revisions\/484"}],"wp:attachment":[{"href":"https:\/\/delocal.com.ar\/index.php?rest_route=%2Fwp%2Fv2%2Fmedia&parent=210"}],"curies":[{"name":"wp","href":"https:\/\/api.w.org\/{rel}","templated":true}]}}